{"id":45,"date":"2019-01-23T10:48:06","date_gmt":"2019-01-23T10:48:06","guid":{"rendered":"http:\/\/ebixteam.com\/index.php\/product\/old-lady-cactus\/"},"modified":"2023-08-07T07:26:04","modified_gmt":"2023-08-07T12:26:04","slug":"itil","status":"publish","type":"product","link":"https:\/\/ebixteam.com\/index.php\/product\/itil\/","title":{"rendered":"ITIL V3\/V4"},"content":{"rendered":"<ul>\n<li>Curso de 10 horas de manera remota con instructor certificado\u00a0 ( Lunes a Mi\u00e9rcoles 18h30-22h00 \u00f3 2 S\u00e1bados 08h00-13h00)<\/li>\n<li>Talleres din\u00e1micos asociados al marco de trabajo<\/li>\n<li>Ejercicios pr\u00e1cticos<\/li>\n<li>Repositorio documental (Procesos , Normas asociadas, Big Data, Formatos de informaci\u00f3n Documentada, indicadores, Procedimientos)<\/li>\n<li>Material del curso<\/li>\n<li>Asesor\u00eda para certificaciones nacionales e internacionales<\/li>\n<li>Asesor\u00eda en procesos ITIL y gesti\u00f3n de servicios IT<\/li>\n<li>Certificado del curso<\/li>\n<\/ul>\n","protected":false},"excerpt":{"rendered":"<p>Este curso te ayudar\u00e1 a tener un contexto completo te\u00f3rico-pr\u00e1ctico del marco de buenas pr\u00e1cticas ITIL V3\/V4 , normas, marcos de trabajo , est\u00e1ndares y buenas pr\u00e1cticas asociadas , de igual manera te asesor\u00e1 en las certificaciones a seguir , adicional se dar\u00e1 en el curso la gu\u00eda para aplicar el modelo en tu empresa en base a los procesos de ITIL resaltando el valor al cliente y por ultimo se dar\u00e1 un repositorio documental con ejercicios , procesos ITIL , plantillas , modelos de trabajo de seguimiento.<\/p>\n","protected":false},"featured_media":1036,"comment_status":"open","ping_status":"closed","template":"","meta":{"spay_email":"","jetpack_publicize_message":""},"jetpack_publicize_connections":[],"_links":{"self":[{"href":"https:\/\/ebixteam.com\/index.php\/wp-json\/wp\/v2\/product\/45"}],"collection":[{"href":"https:\/\/ebixteam.com\/index.php\/wp-json\/wp\/v2\/product"}],"about":[{"href":"https:\/\/ebixteam.com\/index.php\/wp-json\/wp\/v2\/types\/product"}],"replies":[{"embeddable":true,"href":"https:\/\/ebixteam.com\/index.php\/wp-json\/wp\/v2\/comments?post=45"}],"version-history":[{"count":3,"href":"https:\/\/ebixteam.com\/index.php\/wp-json\/wp\/v2\/product\/45\/revisions"}],"predecessor-version":[{"id":1107,"href":"https:\/\/ebixteam.com\/index.php\/wp-json\/wp\/v2\/product\/45\/revisions\/1107"}],"wp:featuredmedia":[{"embeddable":true,"href":"https:\/\/ebixteam.com\/index.php\/wp-json\/wp\/v2\/media\/1036"}],"wp:attachment":[{"href":"https:\/\/ebixteam.com\/index.php\/wp-json\/wp\/v2\/media?parent=45"}],"curies":[{"name":"wp","href":"https:\/\/api.w.org\/{rel}","templated":true}]}}